) = w + z + 20 - 44. Suppose 28 = -4*s + 2*i, -6 = s - 4*i + 15. What is g(s)?
2
Let r(g) be the first derivative of g**4/4 + 7*g**3/3 - 5*g**2 - 20*g + 2775. Calculate r(-8).
-4
Let n(q) = q - 1. Let w(o) = 4*o - 3. Let a = 272 - 270. Let b(g) = a*w(g) - 6*n(g). Give b(-3).
-6
Let d(n) = -9*n**3 + 8*n**2 + 87*n + 1. Let c(h) = 7*h**3 - 11*h**2 - 88*h. Let a(z) = -3*c(z) - 2*d(z). Determine a(9).
-2
Let a(v) = v**2 + 2*v - 3. Let g(k) = k**2 + k - 3. Let s(i) = -6*a(i) + 5*g(i). Let o = -3892 - -3885. Calculate s(o).
3
Let o(f) = 18*f + 1 - 53*f + 21*f + 11*f. Suppose 0 = 3*n - j + 3*j - 13, 0 = 3*n - j + 2. Calculate o(n).
-2
Let b(l) = -l - 15. Let x = -1 + 23. Let o be -1*((-14)/(-21) + x/3). Let t be -4*-1*14/o. What is b(t)?
-8
Let w(a) be the third derivative of 11*a**4/2 + a**2 - 141*a + 2. Calculate w(-1).
-132
Let g(b) = -3*b - 18. Suppose 17*r = 22*r + 40. Let k(a) = -5*a - 29. Let m(t) = r*g(t) + 5*k(t). Let c(d) = d**2 - 3*d + 1. Let u be c(3). Determine m(u).
-2
Let b(m) be the second derivative of -m**3/3 + 5*m**2 + 2*m - 499. Give b(11).
-12
Let d(c) = 3 - 17*c - 8 + 0 - 11*c - c**2 + 21*c. Suppose 3*s + 26 = -s + 2*m, -3*s + 4*m = 22. Calculate d(s).
1
Let h(v) = v**2 + 14*v - 5. Let t be h(-15). Let a(s) = 6 + 33*s - 6*s - s**3 - 9*s - t*s - 5*s**2. Calculate a(-6).
-6
Let t(v) = -6*v - 45. Let k(i) = -29*i - 6. Let d be k(0). Calculate t(d).
-9
Let b(q) = q**2 + q - 6. Let v(w) = -2*w**3 + 4*w**2 - 9*w + 58. Let g(l) = -6*b(l) - v(l). Determine g(5).
-7
Let a = 377 - 471. Let n = -91 - a. Let y(w) = -w**3 + 2*w**2 - 3*w + 3. Calculate y(n).
-15
Let j(m) be the second derivative of 5*m**3/3 - 21*m**2/2 + 1025*m. What is j(3)?
9
Let d(i) = 15*i**2 - 3 + 21*i - 10 + 15 + 25*i - 52*i. What is d(3)?
119
Let h(o) be the third derivative of 0 + 14*o**2 - 1/24*o**4 + 2*o + 1/3*o**3. Let k(x) = x**3 - 2*x**2 + 2*x - 1. Let q be k(1). What is h(q)?
2
Let k be ((-12)/(-60))/((-6)/90). Let n(q) = 6*q + 11. Give n(k).
-7
Let k(r) be the second derivative of r**5/40 + 5*r**4/24 - 12*r**3 - 17*r. Let c(b) be the second derivative of k(b). Calculate c(5).
20
Let p(u) = u**3 - 15*u**2 + 29*u - 198. Let d be p(14). Let r(a) = a**3 - 11*a**2 - 8*a + 14. Calculate r(d).
62
Let c(h) = -h - 34. Let f = -7187 + 7170. Calculate c(f).
-17
Let v(s) = s**2 - 12*s - 52. Let p(c) = -c**2 + 10*c + 58. Let a(r) = 3*p(r) + 2*v(r). What is a(12)?
-2
Suppose 3*q - 64 = -2*j, 2*j = -0*j + 3*q + 40. Suppose -5*t - 4*m + 21 + 25 = 0, -5*t = -m - j. Let b(v) = -v**3 + 6*v**2 + 5*v + 4. Give b(t).
34
Let t(v) = 12*v**2 + 28*v + 7. Let c(s) = -8*s**2 - s - 3. Let i(b) = -2*c(b) - t(b). Give i(7).
13
Let s(p) = -p**3 + 7*p**2 + 10*p - 12. Let d(j) = 156*j - 616. Let w be d(4). What is s(w)?
4
Let x(r) be the second derivative of r**4/12 - r**3 + 4*r**2 + 5*r. Let d be x(-13). Let h(f) = -d*f + 257*f + 3 - 4*f**2 - 1 - 1. Calculate h(2).
-11
Let p be (0/4 + 0 + -2)/(-1). Suppose y + 5*o = p*o - 1, 0 = -5*o - 10. Suppose -q + y*q = 12. Let j(k) = k - 2. What is j(q)?
1
Let q(i) = 2*i**3 + 16*i**2 + 16*i + 18. Let v(a) = 35*a + 28. Let r be v(-1). Give q(r).
4
Let u(y) = y**3 - 11*y**2 + y - 1. Let d(j) = 3*j**3 - 22*j**2 - 7*j + 4. Let b(v) = -d(v) + 2*u(v). Calculate b(3).
-6
Let q(m) be the third derivative of -m**6/40 + m**5/3 - 5*m**4/8 + 2*m**3 - 2262*m**2. What is q(6)?
-6
Let w be 12/52*2730/252. Let c(q) be the first derivative of -w*q**2 + 38 - q + 1/3*q**3. Calculate c(6).
5
Let x(j) = -19*j - 215. Let m be x(-12). Let h(d) = 4*d**2 - 52*d + 7. Let l be h(m). Let b(i) = -i**3 + 8*i**2 - 8*i + 4. What is b(l)?
-3
Let k = 84 - 33. Let j = k + -48. Let q(m) = -4*m**2 + m**3 - 1 + m + m + 5 - j. Determine q(3).
-2
Let q(d) = 16*d + 100. Let x(u) = 24*u + 142. Let j(y) = 7*q(y) - 5*x(y). Give j(-18).
134
Let v be (-1*(-4)/3)/((-30)/(-45)). Let s(n) = n**3 + 6*n**v + 18*n - 22*n + 9 + 2*n**2 - 2*n**3. Determine s(8).
-23
Let d(k) = k**2 + 6*k - 2. Let g be d(0). Let u(c) be the second derivative of 2*c**3/3 + c**2 + 10*c. Determine u(g).
-6
Suppose 14*h + 54 = -4*k, 7*k - 2*k - 4*h = 40. Let u(o) = 7*o - 16. Determine u(k).
12
Let x = 2981 + -2958. Let s(a) be the third derivative of 1/60*a**5 + 0 + 0*a - x*a**2 - 5/6*a**3 + 1/8*a**4. What is s(-4)?
-1
Let d(r) = -12*r**3 + r**2 - 2. Let f(j) = 207*j + 3311. Let c be f(-16). Determine d(c).
11
Let s be (((-76)/24 - -13) + -10)/(-1*2). Let o(f) be the third derivative of s*f**4 + 0*f - 15*f**2 + 0 + 2/3*f**3. Calculate o(-4).
-4
Let d(r) be the second derivative of r**5/20 + r**4/2 - r**3/2 - 3*r**2 + 1106*r. Calculate d(-7).
-34
Let s = 9757 - 9772. Let l(b) = -b**3 - 14*b**2 + 9*b - 92. Calculate l(s).
-2
Let n = 170 + -157. Suppose -16*d - n + 221 = 0. Let u(j) = j**2 - 12*j - 17. Determine u(d).
-4
Let x(w) = w**2 + 7*w - 2. Let d be 180/105 + ((-4)/(-14))/1. Suppose 0 = 2*c + k - d + 12, 5*k - 20 = 0. Give x(c).
-2
Let d(g) = 2*g + 1. Let s(q) = -q**2 + 2*q - 26. Let a(m) = -5*d(m) - s(m). Calculate a(9).
-6
Let q(d) = d**2 + 2*d - 6. Let r(z) = 2*z**2 + 5*z - 12. Let o(h) = -7*q(h) + 3*r(h). Let j(k) = 4*k**2 - 26*k - 145. Let b be j(10). Determine o(b).
-24
Let a(u) = u**3 + 6*u**2 + 1 + 5*u - 7 + 3. Let z(w) = -w**3 + 11*w**2 + 27*w - 8. Let b be z(13). Suppose -n + b*n - 11 = -f, -5 = -3*f - 5*n. Determine a(f).
-3
Let o(b) be the second derivative of b**7/2520 - b**6/80 + b**5/60 - 81*b**4/4 - 9*b + 5. Let p(j) be the third derivative of o(j). Give p(5).
-18
Let t(m) = m + 8. Let c(v) = 10*v + 19. Suppose 0*i = 4*a - 3*i + 27, -4*a + 5*i = 37. Let g be c(a). Determine t(g).
-3
Let s = -54 - -81. Suppose 3*t = -s + 60. Let l be (7 + -3)/2 - t. Let g(i) = -i**3 - 10*i**2 - 8*i + 11. Give g(l).
2
Let l = 19 - -59. Let f be l/4 + 26/52. Let r = f - 27. Let y(h) = h + 11. What is y(r)?
4
Let k = -4 + 5. Let f(c) be the first derivative of -c**5/4 + c**4/12 - c**3/6 + c**2/2 - 16*c - 13. Let j(z) be the first derivative of f(z). Determine j(k).
-4
Suppose -282 - 150 = 27*f. Let s(j) = -j**3 - 17*j**2 - 15*j + 21. Determine s(f).
5
Let a = 3134 - 3140. Let j(l) = -2*l**3 + 10*l**2 + 7*l + 7. Let b(c) = -c**3 + c**2 + 1. Let g(t) = 3*b(t) - j(t). Give g(a).
2
Let m(f) be the first derivative of 69*f**2 + 70*f**2 + 10*f - 140*f**2 - 43. Give m(0).
10
Let m(p) be the third derivative of p**7/2520 - p**6/120 + p**5/30 - 5*p**4/24 - 4*p**2 + 7. Let y(v) be the third derivative of m(v). Give y(3).
0
Let g(s) = -10*s + 5138*s**2 - 5256*s**2 + 8*s + 1. Calculate g(1).
-119
Let k = -486 + 532. Suppose g = -22*g + k. Let a(f) = -f + 1. Let v(x) = -4*x + 6. Let o(j) = -10*a(j) + 2*v(j). Determine o(g).
6
Let w(s) = -414*s + 20 + 1262*s - 422*s - 420*s. What is w(-10)?
-40
Suppose -5*j = -u - 35, -4*j + j - u + 21 = 0. Let b(d) = -d**2 - j*d**2 + 9*d**2 - 2*d. What is b(1)?
-1
Let p(x) = -6*x**2 - 9*x + 68. Let m(g) = -11*g**2 - 17*g + 125. Let y(s) = -4*m(s) + 7*p(s). Give y(3).
9
Let c(b) = 7 + 11 + 29*b**2 - b**3 + 20*b - 9*b**2. Let q be 528/22 - 1/(7/21). What is c(q)?
-3
Let q(f) be the first derivative of -f**4/4 - 5*f**3 + 9*f**2 - 2*f - 443. Calculate q(-16).
-34
Let i(d) = -2*d**3 + 11*d**2 - 22*d + 33. Let h be i(6). Let q = 128 + h. Let o(m) = -m**2 - 6*m + 3. What is o(q)?
-4
Let k(p) be the first derivative of -p**4/4 + p**3/3 - p**2 + 13*p + 191. Let s(w) = w + 1. Let d(b) = k(b) + 3*s(b). Calculate d(0).
16
Let i(w) = 4*w**2 + 2*w + 2. Let x(z) = 20*z - 2*z**2 + 49 + 90*z + 7*z**2 + 27*z - 5*z. Let p be x(-26). Determine i(p).
32
Let x(m) be the second derivative of -m**6/360 + m**5/15 - 5*m**4/24 + 67*m**3/6 + 40*m. Let r(g) be the second derivative of x(g). What is r(7)?
2
Let w(n) = n**3 + 11*n**2 + n - 40. Let r be w(-14). Let z = r + 648. Let m(d) = 5*d**3 - 7*d**2 + 2*d**2 - 4*d**3 - 8*d + 8. Calculate m(z).
-4
Suppose -4*h - 18 = -34. Suppose -281 = -h*m + 43. Let p = 81 - m. Let f(q) = -q**3 - q**2 - 3. What is f(p)?
-3
Let r be (-4)/(-18) + -3 + -6 + (-1230)/(-54). Let g(t) = 2*t - 14. Give g(r).
14
Let c be (-585)/(-30)*(3 + (-10)/(-6)). Suppose -3*g = c - 76. Let a(x) = -5*x - 4. What is a(g)?
21
Let w(g) = 12*g**2 + 2*g - 1. Let h be w(1). Suppose -h*q = -14*q - 2. Let l(r) = -2*r**3 + 2*r - 28*r**2 + 28*r**2 - 1. Determine l(q).
11
Let y be -6*(-4 + 95/30). Let w(h) = 9*h**2 + 2*h + 2. Let 